{"id":9,"date":"2024-10-10T10:09:27","date_gmt":"2024-10-10T10:09:27","guid":{"rendered":"http:\/\/afbrouillon.wordpress.com\/?page_id=1"},"modified":"2024-10-10T10:09:27","modified_gmt":"2024-10-10T10:09:27","slug":"a-propos","status":"publish","type":"page","link":"https:\/\/avettes-et-fleurettes.com\/index.php\/a-propos\/","title":{"rendered":"\u00c0 propos"},"content":{"rendered":"\n<p>Ceci est un exemple de page. \u00c0 la diff\u00e9rence des articles, qui sont affich\u00e9s sur la page d\u2019accueil de votre blog dans leur ordre de publication, les pages sont plut\u00f4t destin\u00e9es \u00e0 du contenu dont vous souhaitez qu\u2019il soit toujours facilement accessible, comme votre pr\u00e9sentation ou vos coordonn\u00e9es. Cliquez sur le lien de modification pour modifier cette page ou <a title=\"Lien direct vers l\u2019option Ajouter une nouvelle page sur votre tableau de bord\" href=\"https:\/\/wordpress.com\/page\/237883786\/new\/\">ajouter une autre page<\/a>.<\/p>\n","protected":false},"excerpt":{"rendered":"<p>Ceci est un exemple de page. \u00c0 la diff\u00e9rence des articles, qui sont affich\u00e9s sur la page d\u2019accueil de votre blog dans leur ordre de publication, les pages sont plut\u00f4t destin\u00e9es \u00e0 du contenu dont vous souhaitez qu\u2019il soit toujours facilement accessible, comme votre pr\u00e9sentation ou vos coordonn\u00e9es. Cliquez sur le lien de modification pour [&hellip;]<\/p>\n","protected":false},"author":1,"featured_media":0,"parent":0,"menu_order":0,"comment_status":"closed","ping_status":"open","template":"","meta":{"footnotes":""},"class_list":["post-9","page","type-page","status-publish","hentry"],"_links":{"self":[{"href":"https:\/\/avettes-et-fleurettes.com\/index.php\/wp-json\/wp\/v2\/pages\/9","targetHints":{"allow":["GET"]}}],"collection":[{"href":"https:\/\/avettes-et-fleurettes.com\/index.php\/wp-json\/wp\/v2\/pages"}],"about":[{"href":"https:\/\/avettes-et-fleurettes.com\/index.php\/wp-json\/wp\/v2\/types\/page"}],"author":[{"embeddable":true,"href":"https:\/\/avettes-et-fleurettes.com\/index.php\/wp-json\/wp\/v2\/users\/1"}],"replies":[{"embeddable":true,"href":"https:\/\/avettes-et-fleurettes.com\/index.php\/wp-json\/wp\/v2\/comments?post=9"}],"version-history":[{"count":0,"href":"https:\/\/avettes-et-fleurettes.com\/index.php\/wp-json\/wp\/v2\/pages\/9\/revisions"}],"wp:attachment":[{"href":"https:\/\/avettes-et-fleurettes.com\/index.php\/wp-json\/wp\/v2\/media?parent=9"}],"curies":[{"name":"wp","href":"https:\/\/api.w.org\/{rel}","templated":true}]}}